 = -t*u - 199, 499 = 4*w + u. What are the prime factors of w?
2, 31
Let w = 32307 - 18630. List the prime factors of w.
3, 47, 97
Let v = -446 - -677. Let d(l) = -l**2 - 24*l - 136. Let h be d(-14). Suppose -h*x - 2*y = x - 374, -y - v = -3*x. List the prime factors of x.
2, 19
Let k = -13 + 19. Let o = -606 - -642. Let v = o + k. What are the prime factors of v?
2, 3, 7
Suppose 3*y + 2*y = 3*m - 125480, 2*m - 83623 = -y. List the prime factors of m.
5, 8363
Let m(k) = k - 4. Let x be m(7). Let w(p) = -p**2 + p + 6. Let u be w(x). Suppose -3*z = 3*s - u*s - 114, 4*s - 192 = -5*z. What are the prime factors of z?
2, 5
Suppose 7509 = 10*r - 1361. Suppose 5*l - r = -2*m, -4*m - 3*l + 1785 = -4*l. List the prime factors of m.
2, 223
Suppose 8*n - 36 = -20. Suppose n*y + 492 = 3*y - s, 3*s = -2*y + 979. What are the prime factors of y?
491
Let n be (-1)/(3 + -2) + 20/2. Let p = n + -7. What are the prime factors of 1/(-4) + p + (-505)/(-20)?
3
Let t(g) = 85*g + 103. Let v be t(14). Suppose 0*l = -l + v. List the prime factors of l.
3, 431
Let p(z) = z**2 + 69*z - 632. List the prime factors of p(91).
2, 1741
Let a be (1*-30)/(-3) + 0. Suppose a*z - 7*z = 3*p + 513, -4*z + 692 = -2*p. List the prime factors of z.
5, 7
Let l = 58 + -39. Suppose l*z = 10663 + 5145. Suppose 0*w = 13*w - z. List the prime factors of w.
2
Let i(k) = -k + 8. Let c be i(-4). Let b(o) = 4*o - 41. Let g be b(c). What are the prime factors of -111*(-3 + g - 5)?
3, 37
Let v = -353 - -497. Let a = v - 143. Suppose a + 5 = 3*f, -z = -3*f - 261. List the prime factors of z.
3, 89
Let o = 528 + -546. Let f(i) = -44*i - 272. What are the prime factors of f(o)?
2, 5, 13
Suppose c = -4 + 10. Let x be c - 3*(-2)/(-2) - 1. What are the prime factors of 9 - -85 - (x + -2 - 2)?
2, 3
Suppose -7*n + 2092 = -2*r - 3*n, -5*r - 5245 = 5*n. Let k(x) = -2*x**2 + x + 5. Let y be k(3). What are the prime factors of 32/(-40) + r/y?
2, 13
Suppose 0 = -15*o + 95570 + 288280. List the prime factors of o.
2, 3, 5, 853
Suppose 76 = 25*c - 6*c. Suppose 23*r - c*p + 148 = 25*r, -4*r - 2*p = -308. List the prime factors of r.
2, 3, 13
Suppose -26 = -m - 24. Suppose -176 - 1231 = -3*l - m*d, -d - 1887 = -4*l. What are the prime factors of l?
3, 157
Suppose 16 = -2*n + 3*d, -n + 22*d - 9 = 20*d. Let l(w) = -70*w - 132. List the prime factors of l(n).
2, 109
Let a = 1010 + -582. Let z = 610 - a. What are the prime factors of z?
2, 7, 13
Let o be 45/(-9) + -31 + 4. What are the prime factors of (24/o)/(3/(-3056))?
2, 191
Suppose 2*u = -2*u + 2*v + 22, 3*u - 34 = 5*v. Suppose 3*w + 4 = 5*k, -20 = -5*k - 2*w - 6. What are the prime factors of k/u*(-75)/(-10)?
5
Suppose -132*b + 92708 = -118*b. List the prime factors of b.
2, 7, 11, 43
Let x = 2016 + 1644. What are the prime factors of x?
2, 3, 5, 61
List the prime factors of (2/(-1))/(92/(-263166)).
3, 1907
Let p(r) = -226*r - 8296. List the prime factors of p(-40).
2, 3, 31
Let t(p) = p**3 + 2*p**2 - p - 1. Let o be t(2). Suppose -3*g = -o*g - 20. List the prime factors of (-164)/g + 3 + -2.
83
Suppose 579*p - 573*p - 222972 = 0. List the prime factors of p.
2, 17, 1093
Suppose 0 = -5*v + 30*j - 26*j + 34933, 0 = 4*v - 3*j - 27947. List the prime factors of v.
29, 241
Let b = -62171 - -92676. List the prime factors of b.
5, 6101
Suppose -3*r - 2*h + 1106 = 99, 1366 = 4*r - 2*h. What are the prime factors of r/5 + (-6)/(-5)?
3, 23
Let z be 193315/164 + 3*(-2)/8. Let m = -204 + z. List the prime factors of m.
2, 487
Let j(l) = 3*l**2 - 9*l + 11. Let d be j(-8). Suppose -d = -5*g - 75. Let w = g + -37. List the prime factors of w.
3
Let n = 17590 + 2397. What are the prime factors of n?
11, 23, 79
Suppose -2*k - k = -h + 557, -5*k + 2*h - 929 = 0. Let a = k + 554. What are the prime factors of a?
3, 41
Suppose k = -4*k + 20. What are the prime factors of 269 + k + (4 - 6)?
271
Let b = 47 + -43. What are the prime factors of ((-72)/(-60))/(b/2360)?
2, 3, 59
Suppose -2*z - 25 = -d - 5*z, -d = z - 19. Suppose -7*w = d*w - 44367. What are the prime factors of w?
3, 643
Suppose 5*f - 6*k - 245 = 0, 5*k + 24 = 2*f - 61. Suppose t = 2*t - 7. Let o = t + f. What are the prime factors of o?
2, 31
Let g(z) = -2*z**3 - 22*z**2 - 5*z - 24. Suppose -r + 6 = -0*a - a, 4*a + 29 = 3*r. List the prime factors of g(a).
31
Let b(x) = 72*x**2 + 165*x + 3007. List the prime factors of b(-20).
29, 983
Let n = -45 + 39. What are the prime factors of (-201)/n - (7/(-2) - -3)?
2, 17
Let q be (-7 + 1269/(-45))*-10. Suppose q*s - 345*s = 8792. What are the prime factors of s?
2, 157
Let b(m) = 10*m**2 - 56*m + 105. What are the prime factors of b(-61)?
3, 13577
Suppose -4*w + 615 = -5*o, 3*w = o - 6*o - 615. Suppose -5*d + 3*p + 335 = -542, -3*d + p + 523 = 0. Let i = d + o. List the prime factors of i.
2, 5
Let n be (-56)/(-20)*(7 - -3). Let o = n - -126. What are the prime factors of o?
2, 7, 11
Suppose -2*b = -2435 + 465. Suppose -5*a - 3*s + b = 185, -2*a = 5*s - 339. Suppose 3*j - 2*u = 3*u + a, -2*j = 4*u - 68. What are the prime factors of j?
2, 11
Let y(q) be the second derivative of q**5/24 + q**4/8 - 13*q**3/6 - 13*q. Let u(n) be the second derivative of y(n). What are the prime factors of u(4)?
23
Let a be ((-5)/5)/(2/(-12)). Suppose -a*j - 32 = 4. What are the prime factors of (-8)/j + 1122/9?
2, 3, 7
Let k = -72 - -74. Suppose 0 = 3*t - 4*t + 5*r + 5, -5*t + 2*r + k = 0. Suppose t*i + 680 = 5*i. List the prime factors of i.
2, 17
Let w(p) = p**2 - 14*p + 38. Let b = 58 - 38. Let m be w(b). Suppose j + 5*f - m = 0, -2*f = -5*j + 3*f + 940. List the prime factors of j.
3, 61
Let j(r) = -87*r**3 - 19*r**2 - 12*r - 24. List the prime factors of j(-4).
2, 661
Suppose -2*g + 3*b = -45, -3*g - 2*b - 7 = -68. Suppose 3 = -3*n + g. Suppose 0*k - n*k + 450 = 0. What are the prime factors of k?
3, 5
Suppose 0 = 34*y - 23939 - 2955. Suppose -31*w + 27*w + 3931 = 5*r, -4*w - y = -r. What are the prime factors of r?
787
Let q = 214 + -212. Suppose -4*t - 4*s + 1380 = 0, 0*s + q*s = -5*t + 1740. List the prime factors of t.
2, 5, 7
Suppose -4*p = 2*w - 52440, 2*p - 1460*w + 1464*w - 26196 = 0. List the prime factors of p.
2, 79, 83
Let m be 532/(-57)*((-87)/(-6) + 2). Let z = m - -1838. What are the prime factors of z?
2, 421
Let l(i) = i**2 + i - 17. Suppose 0 = -2*w + 2*m + 4, -2*m + 4 = 3*w - 7. Suppose w*o = -d - 2*o - 24, 5*o - 3 = 2*d. List the prime factors of l(d).
5, 11
Let j = 48 + -21. Let d = j + -23. Suppose -g = d*l + 2*g - 143, -5*g = 5*l - 185. List the prime factors of l.
2
Let f(c) = -21*c - 210. Let s be f(-10). Suppose -5*n = -s*n - 2*h - 6125, h = -n + 1218. List the prime factors of n.
1223
Let d(h) = 855*h**2 + 23*h - 51. List the prime factors of d(2).
5, 683
Let v = -471 + 470. List the prime factors of (-2 - v) + 2590/7.
3, 41
What are the prime factors of 46406 + (-2 - 0) - (-154)/14?
5, 9283
Let n(u) = -u**3 - 20*u**2 - 18*u + 19. Let i be n(-19). Suppose -2*x + 3*x = i. Let q(s) = s**2 - 2*s + 62. What are the prime factors of q(x)?
2, 31
Suppose -6*c - 25*c = -93. Suppose 4*k = 3*n + 1682, 5*k + 2101 = 10*k - c*n. What are the prime factors of k?
419
List the prime factors of -3 - 17409/(-2)*18/27.
2, 5, 29
Let a be (0/6)/(-2) - 11565/(-3). Let j = -2140 + a. What are the prime factors of j?
5, 7
Let z(x) = -5*x - 34. Let k be z(19). Let r = 242 + k. Suppose -295 = -4*p + r. List the prime factors of p.
2, 3, 17
Let v = 20327 - -6106. What are the prime factors of v?
3, 11, 89
Suppose 15 = m + 4*m. Let j = -23 - -25. Suppose -426 = -n - 3*n + j*a, m*n + 3*a = 315. List the prime factors of n.
2, 53
Suppose -5*h + 210 = 160. Suppose -15*l - h*l = -2100. List the prime factors of l.
2, 3, 7
Let b be (3/(-9) + -1)*45/10. What are the prime factors of 2/(-1) + (-30)/b + 377?
2, 5, 19
Suppose -20*g - 15 - 5 = 0. Let j be (-4456)/(-4) - -4 - g. Suppose 12*w - 1593 = j. List the prime factors of w.
2, 113
Suppose -4*u + 116272 = 5*n, 5*u + 41*n = 38*n + 145340. List the prime factors of u.
2, 13, 43
List the prime factors of (4 - 104/16)*(1 + 176334/(-30)).
2, 3673
Let d be ((-3)/(-5))/((-54)/270). List the prime factors of ((-1)/d)/(15/29970).
2, 3, 37
Suppose 6*q - q - 3*f = 236, 3*q = 4*f + 146. Suppose -176 = 42*c + 118. Let t = q - c. What are the prime fact